 greatest common factor of f and q.
2
Suppose 0 = 377*m - 354*m - 759. What is the greatest common factor of 11 and m?
11
Suppose -6 = -3*s + 6. Let w(m) = 3*m**3 - 10*m**2 + m - 3. Let y be w(s). What is the greatest common divisor of 11 and y?
11
Let u(c) = c**3 + 4*c**2 - 3*c + 10. Let i be u(-5). Let p be i - -1 - (-9 + 10). Let y = p - -11. Calculate the highest common factor of y and 55.
11
Suppose -10*t + 162 = -4*t. Suppose -123 = -2*u - t. Calculate the greatest common divisor of 32 and u.
16
Let b(u) = 38*u + 14. Let d be b(7). Calculate the greatest common divisor of d and 56.
56
Let s be -1*(-18)/10*5. Suppose 268 = 4*m + 2*j + 2*j, -5*j + 209 = 3*m. What is the highest common divisor of s and m?
9
Suppose -22*j = -18*j - 68. Suppose -2*u = -15 - j. What is the highest common divisor of 176 and u?
16
Let v = 17 + -14. Suppose 0 = f - v*f + 130. Suppose 5*g - 13 = 3*b - f, 40 = b + 4*g. Calculate the greatest common divisor of 12 and b.
12
Let u(y) = y**2 + y + 1. Let w(v) = 13*v**2 + 13*v + 10. Let f(q) = -5*u(q) + w(q). Let c be f(-5). What is the greatest common divisor of c and 15?
15
Suppose -2*q = -6*j - 46, 4*q + 4*j - 26 = 2. Suppose -3*t + 3*k + 92 = t, 4*t - 2*k = 88. Let m = t - 9. What is the greatest common divisor of m and q?
11
Let x be ((-6)/(-9))/((-2)/42). Let u = x - -38. What is the highest common divisor of u and 12?
12
Suppose -5*r + 8 = -6*r. Let i be (-1582)/r - (-6)/24. Calculate the highest common factor of i and 22.
22
Suppose -2*x - x + 545 = 2*a, 0 = 5*x - 2*a - 903. Let k be 4/(-24) + x/6. Let h be ((-2)/(-4))/(5/k). What is the highest common factor of h and 15?
3
Suppose 27 = 3*p + l + 4*l, -8 = -5*p + 4*l. Suppose 5*t = t + p. Let z be (-132)/(-15) + (-3)/(-15). Calculate the highest common factor of t and z.
1
Let i be ((-8)/(-6))/((-10)/75). Let m be (-4 - i/2)*1. Let p(o) = 133*o**3 - 2*o**2 + 1. Let j be p(m). What is the greatest common factor of 12 and j?
12
Let r be ((-13)/3)/((-60)/180). Calculate the highest common divisor of 351 and r.
13
Let q be 48800/1281 - 4/42. Calculate the greatest common factor of 57 and q.
19
Let w(f) = f - 34. Let y be w(47). Calculate the greatest common divisor of 117 and y.
13
Let m be (-7)/(56/48)*(-130)/4. Let b(r) = r**2 - 11*r + 15. Let x be b(11). Calculate the highest common factor of x and m.
15
Suppose 0 = -15*j + 26*j - 682. What is the highest common divisor of j and 62?
62
Let b = 225 - -69. Let u be 168/b - (-4)/(-14)*-229. What is the greatest common divisor of 6 and u?
6
Let a be (-2)/7 + 474/42. Let t be 4/(-22) - (-171)/33. Let c(k) = 2*k + 1. Let u be c(t). What is the highest common factor of a and u?
11
Let c(z) = z**2 - 21*z - 109. Let r be c(26). What is the greatest common divisor of r and 490?
7
Let o = 484 - 253. What is the highest common divisor of o and 21?
21
Let l(i) = i**3 + 13*i**2 - 3*i - 7. Let j be l(-13). Suppose 0 = -4*z - 3*w, 5*w + j = 2*z + 2*z. Calculate the highest common divisor of 21 and z.
3
Let w = -21 - -26. Suppose -c = -3*y - 6*c + 11, 3*c + 7 = 5*y. Suppose 2*j - w*b = 26, y*j - 22 = 3*b - 0*b. What is the highest common factor of 20 and j?
4
Let i(a) = -a + 48. Let z be i(6). Suppose 0*b + 42 = 3*b. Calculate the greatest common factor of b and z.
14
Let h be (-6)/(-8)*4 + 186. What is the highest common factor of h and 63?
63
Suppose -4*c + 947 = r, c - 3728 = 5*r - 9*r. What is the greatest common factor of 294 and r?
49
Let t = -4 - -7. Let c be (21 - 13)/(-1 - 0). Let q be -6*2/(c/18). What is the highest common factor of q and t?
3
Let a(j) = 7*j**2 - j - 4. Let u be a(-2). Let r = u + -15. Let s(v) = v**2 - 3*v - 6. Let w be s(7). What is the greatest common divisor of r and w?
11
Let t = -12 + 56. Let o = t + -15. What is the greatest common divisor of o and 87?
29
Let q = -268 + 400. Suppose 2*u = -8, 0 = -6*m + 3*m - u + 32. What is the highest common divisor of q and m?
12
Let k = 106 - 246. Let i = 282 + k. Suppose -78 - i = -5*l. What is the greatest common factor of l and 66?
22
Let l(h) = -h**3 - h**2 + 7*h + 4. Let g be (-3 + 2)*-2 + -5. Let o be l(g). Let w be (20/(-50))/(o/(-85)). Calculate the highest common divisor of w and 238.
34
Let a be 3400/125*20/8. Let m = -23 - -193. What is the highest common factor of m and a?
34
Let s(n) = 73*n - 2. Let m be s(2). Let l = m - 12. Calculate the greatest common factor of l and 24.
12
Let i(c) = 2*c**3 - 2*c**2 + 6*c - 3. Let k be i(4). Let g = -21058 + 21084. What is the highest common factor of k and g?
13
Let o(k) = 34*k - 313. Let h be o(10). What is the greatest common factor of 513 and h?
27
Suppose -295 = -5*o - 1215. Suppose 4*y - 364 = a - 68, 0 = -5*a - 5*y - 1505. Let b = o - a. Calculate the highest common divisor of 29 and b.
29
Suppose -4*d + 3*d = -8. Suppose -3*s + 50 = -r, -d = s - 4*r - 32. What is the greatest common divisor of 8 and s?
8
Suppose -2*j = -j - 3. Suppose 8*c - 275 = j*c. Suppose 3*z = -0 + 15. Calculate the greatest common factor of z and c.
5
Let k(v) be the second derivative of 7*v**3/3 - 3*v**2 + v. Let b be k(5). Let q be b/28 + (-4)/14. What is the highest common divisor of 10 and q?
2
Suppose -x - 49 = -h, -x + 51 = h - 4*x. Calculate the highest common factor of h and 120.
24
Let b(x) = -x + 53. Let v be b(23). Calculate the highest common divisor of 210 and v.
30
Let o = 111 - 70. Let x = o + -37. Calculate the highest common divisor of x and 28.
4
Let d be -1*(-1 - 0 - 0). Suppose -3*k = -f - d, 0 = 2*f - 3*f - 4*k + 6. Let c = f - -11. Calculate the highest common divisor of c and 91.
13
Suppose 0 = -5*z - 317 + 837. Suppose -14 = -a - l - 5, -2*a = 3*l - 20. Suppose -b + a = -6. What is the highest common divisor of z and b?
13
Suppose 8 = -4*u + 6*u. Suppose -u*o = -o - 990. Let q be o/21 + 6/21. What is the greatest common divisor of q and 144?
16
Suppose 18*r - 541 = -73. Calculate the greatest common factor of r and 403.
13
Let h(g) = g**3 + 18*g**2 + 14*g + 19. Let x be h(-17). What is the highest common factor of 105 and x?
35
Let c = 67 + 8. Calculate the greatest common divisor of 225 and c.
75
Let a = -14 - -144. Suppose a - 42 = t. What is the greatest common divisor of 8 and t?
8
Let j(r) = 7*r + 3. Let m be j(-1). Let z be 3 - (-3 + (m - -8)). Suppose -82 = -2*y + 3*a, -y - z*a = 2*y - 97. What is the greatest common factor of y and 7?
7
Let j(w) = w + 7. Let d = 1 - 13. Let n(z) = -z**2 - 12*z + 5. Let x be n(d). Let y be j(x). What is the highest common divisor of y and 24?
12
Suppose 2*y = 79 + 57. Let f be -4 + (-16)/(264/y - 4). What is the highest common factor of 88 and f?
44
Let t = 842 + -825. What is the highest common divisor of t and 493?
17
Suppose -31 + 5 = -2*y. Suppose 2*h + 120 = h. Let j = -55 - h. Calculate the highest common divisor of j and y.
13
Let t be 8/(-20) + 544/10. What is the highest common factor of t and 12?
6
Suppose 5*o = h - 30, 2*o = -0*h + 3*h - 129. Suppose -4*w = -9*w + 225. Suppose 5*y + 0*y - w = 0. Calculate the greatest common divisor of h and y.
9
Suppose -75*c + 21726 = -18699. What is the greatest common divisor of c and 35?
7
Let j(i) = 5*i**2 + i + 3. Let z be j(-3). Suppose -195 = 73*l - 86*l. Calculate the highest common divisor of l and z.
15
Let x be (37 - -2)*(-1)/3. Let k be 1 - 4 - (-21 - x). What is the highest common divisor of k and 20?
5
Suppose -17*h + 2980 = -12150. What is the highest common factor of h and 89?
89
Let k be (1 - -1)/(3/60). Suppose -2*y + 118 + 82 = 0. Calculate the highest common factor of k and y.
20
Let f = 33 + -28. Suppose 3*n - f*n = -v + 15, 4*n + 45 = 3*v. Calculate the greatest common factor of 3 and v.
3
Let c(p) = -2*p**2 - 13*p - 7. Let w be c(-5). Let s = 2 + w. What is the highest common divisor of 10 and s?
10
Suppose 100 = 5*k - 165. Let a = 92 - k. Suppose -29 = -d - 3*r, 0 = -2*r + 2 - 0. What is the highest common divisor of a and d?
13
Let z(j) = 3*j**2 + 18*j - 2*j + 7 + j. Let n be z(-7). Calculate the greatest common factor of 5 and n.
5
Let h(t) = -t**3 - 6*t**2 + 7*t + 6. Let y be h(-7). Suppose 0 = -12*n + 13*n - 66. What is the greatest common factor of y and n?
6
Let p be 28/8 - 2 - (-2)/4. Suppose -176 = -2*k - p*k. What is the highest common divisor of k and 396?
44
Let v = 667 - 527. 